{"id":7642,"date":"2020-03-09T05:20:30","date_gmt":"2020-03-09T05:20:30","guid":{"rendered":"http:\/\/maenew.fca.uas.edu.mx\/?page_id=7642"},"modified":"2020-05-01T05:18:50","modified_gmt":"2020-05-01T05:18:50","slug":"estancias","status":"publish","type":"page","link":"https:\/\/mae.posgrado.fca.uas.edu.mx\/index.php\/estancias\/","title":{"rendered":"Estancias"},"content":{"rendered":"<p>[vc_row][vc_column]<div\n\tclass=\"thim-sc-heading text-center layout-2 \">\n\t<div class=\"heading-content\">\n\n\t\t\n\t\t<h3 class=\"primary-heading\">Estancias Nacionales e Internacionales<\/h3>\t<\/div>\n\t\t\t\t<span class=\"underline\"><\/span>\n\t<\/div>\n[vc_column_text]El doctorado se encuentra en su primer generaci\u00f3n por lo que no se han realizado estancias, una vez que inicien esa etapa este apartado se modificar\u00e1 mostrando la informaci\u00f3n requerida.[\/vc_column_text][\/vc_column][\/vc_row][vc_row disable_element=&#8221;yes&#8221;][vc_column][vc_raw_html]JTNDJTIxRE9DVFlQRSUyMGh0bWwlM0UlMEElMEElM0NodG1sJTIwbGFuZyUzRCUyMmVzJTIyJTNFJTBBJTIwJTIwJTNDaGVhZCUzRSUwQSUyMCUyMCUyMCUyMCUzQ3NjcmlwdCUyMHR5cGUlM0QlMjd0ZXh0JTJGamF2YXNjcmlwdCUyNyUyMHNyYyUzRCUyN2h0dHBzJTNBJTJGJTJGd3d3Lmdvb2dsZS5jb20lMkZqc2FwaSUyNyUzRSUzQyUyRnNjcmlwdCUzRSUwQSUyMCUyMCUyMCUyMCUzQ3NjcmlwdCUyMHR5cGUlM0QlMjd0ZXh0JTJGamF2YXNjcmlwdCUyNyUzRSUwQSUyMCUyMCUyMCUyMCUyRiUyRkNhcmdhciUyMGVsJTIwQVBJJTIwZGUlMjB2aXN1YWxpemFjaSVDMyVCM24lMjB5JTIwZWwlMjBwYXF1ZXRlJTIwR2VvQ2hhcnQuJTBBJTIwJTIwJTIwJTIwJTIwZ29vZ2xlLmxvYWQlMjglMjd2aXN1YWxpemF0aW9uJTI3JTJDJTIwJTI3MSUyNyUyQyUyMCU3QiUyN3BhY2thZ2VzJTI3JTNBJTIwJTVCJTI3Z2VvY2hhcnQlMjclNUQlN0QlMjklM0IlMEElMjAlMjAlMjAlMjAlMjAlMkYlMkZ1bmElMjBkZXZvbHVjaSVDMyVCM24lMjBkZSUyMGxsYW1hZGElMjBxdWUlMjBzZSUyMGVqZWN1dGFyJUMzJUExJTIwY3VhbmRvJTIwc2UlMjBjYXJnYSUyMGVsJTIwQVBJJTIwZGUlMjB2aXN1YWxpemFjaSVDMyVCM24lMjBkZSUyMEdvb2dsZS4lMEElMjAlMjAlMjAlMjAlMjBnb29nbGUuc2V0T25Mb2FkQ2FsbGJhY2slMjhkcmF3UmVnaW9uc01hcCUyOSUzQiUwQSUwQSUyMCUyMCUyMCUyMCUyMCUyMGZ1bmN0aW9uJTIwZHJhd1JlZ2lvbnNNYXAlMjglMjklMjAlN0IlMEElMjAlMjAlMjAlMjAlMkYlMkYlMjBzZSUyMGNyZWElMjB1biUyMGFycmVnbG8lMkMlMjBkb25kZSUyMHNlJTIwaW5kaWNhJTIwcXVlJTIwbGElMjBwcmltZXJhJTIwbGluZTFhJTIwY29tbyUyMHNlJTIwdmElMjBhJTIwcGFydGljaW9uYXIlMjBlbCUyMG1hcGElMkMlMjBub21icmUlMjBkZWwlMjBlc3RhZG8lMjB5JTIwdGFtYSVDMyVCMW8lMjBkZSUyMGxhJTIwcG9ibGFjaSVDMyVCM24uJTBBJTIwJTIwJTIwJTIwJTIwJTIwJTIwJTIwdmFyJTIwZGF0YSUyMCUzRCUyMGdvb2dsZS52aXN1YWxpemF0aW9uLmFycmF5VG9EYXRhVGFibGUlMjglNUIlMEElMjAlMjAlMjAlMjAlMjAlMjAlMjAlMjAlMjAlMjAlNUIlMjdFc3RhZG8lMjclMkMlMjAlMjAlMjAlMjdBbHVtbm9zJTI3JTJDJTIwJTI3UHJvZmVzb3JlcyUyNyU1RCUyQyUwQSUyMCUyMCUyMCUyMCUyMCUyMCUyMCUyMCU1QiUyN01YLUJDTiUyNyUyQyUyMCUyMCUyMCUyMCUyMCUyMDclMkMlMjAlMjAlMjAlMjA0JTVEJTJDJTBBJTIwJTIwJTIwJTIwJTIwJTIwJTIwJTIwJTVCJTI3TVgtQkNTJTI3JTJDJTIwJTIwJTIwJTIwJTIwMSUyQyUyMCUyMCUyMG51bGwlNUQlMkMlMEElMjAlMjAlMjAlMjAlMjAlMjAlMjAlMjAlNUIlMjdNWC1DT0wlMjclMkMlMjAlMjAlMjAlMjAxJTJDJTIwJTIwJTIwJTIwJTIwbnVsbCU1RCUyQyUwQSUyMCUyMCUyMCUyMCUyMCUyMCUyMCUyMCU1QiUyN01YLUdVQSUyNyUyQyUyMCUyMCUyMCUyMDElMkMlMjAlMjAlMjAlMjAlMjBudWxsJTVEJTJDJTBBJTIwJTIwJTIwJTIwJTIwJTIwJTIwJTIwJTVCJTI3TVgtSkFMJTI3JTJDJTIwJTIwJTIwJTIwMyUyQyUyMCUyMCUyMCUyMCUyMDElNUQlMkMlMEElMjAlMjAlMjAlMjAlMjAlMjAlMjAlMjAlNUIlMjdNWC1NRVglMjclMkMlMjAlMjAlMjAlMjA1JTJDJTIwJTIwJTIwJTIwJTIwbnVsbCU1RCUyQyUwQSUyMCUyMCUyMCUyMCUyMCUyMCUyMCUyMCU1QiUyN01YLVNJTiUyNyUyQyUyMCUyMCUyMCUyMDQlMkMlMjAlMjAlMjAlMjAlMjBudWxsJTVEJTJDJTBBJTIwJTIwJTIwJTIwJTIwJTIwJTIwJTIwJTVCJTI3TVgtUk9PJTI3JTJDJTIwJTIwJTIwJTIwbnVsbCUyQyUyMCUyMCUyMCUyMCUyMDElNUQlMEElMjAlMjAlMjAlMjAlMjAlMjAlMjAlMjAlNUQlMjklM0IlMEElMEElMjAlMjAlMjAlMjB2YXIlMjBvcHRpb25zJTIwJTNEJTIwJTBBJTIwJTIwJTIwJTIwJTdCJTBBJTIwJTIwJTIwJTIwJTIwJTIwJTIwJTIwbGVnZW5kJTNBJTIwJTI3bm9uZSUyNyUyQyUyMCUyRiUyRiUyMHNlJTIwcXVpdGElMjBlbCUyMHNsaWRlciUyMGluZGljYWRvciUyMGRlJTIwcG9ibGFjaW9uJTIwbWluaW1hJTIweSUyMG1heGltYSUwQSUyMCUyMCUyMCUyMCUyMCUyMCUyMCUyMCUyRiUyRnRvb2x0aXAlM0ElMjAlN0J0cmlnZ2VyJTNBJTI3bm9uZSUyNyU3RCUyQyUyMCUwQSUyMCUyMCUyMCUyMCUyMCUyMCUyMCUyMHJlZ2lvbiUzQSUyMCUyN01YJTI3JTJDJTIwJTIwJTIwJTJGJTJGJTIwcmVnaW9uJTIwYSUyMGRpYnVqYXIlMjBlbiUyMGVsJTIwbWFwYSUwQSUyMCUyMCUyMCUyMCUyMCUyMCUyMCUyMHJlc29sdXRpb24lM0ElMjAlMjdwcm92aW5jZXMlMjclMkMlMjAlMjAlMjAlMjAlMkYlMkYlMEElMjAlMjAlMjAlMjAlMjAlMjAlMjAlMjAlMkYlMkZkaXNwbGF5TW9kZSUzQSUyMCUyN21hcmtlcnMlMjclMkMlMEElMjAlMjAlMjAlMjAlMjAlMjAlMjAlMjAlMkYlMkYlMjBjb2xvciUyMG1pbmltbyUzQSUyMCUyN0xpZ2h0WWVsbG93JTI3JTIweSUyMGNvbG9yJTIwbWF4aW1vJTNBJTIwJTI3U2FsbW9uJTI3JTJDJTIwaWd1YWwlMjBzZSUyMHB1ZWRlbiUyMHV0aWxpemFyJTIwbG9zJTIwdmFsb3IlMjByZ2IuJTBBJTIwJTIwJTIwJTIwJTIwJTIwJTIwJTIwY29sb3JBeGlzJTNBJTIwJTdCY29sb3JzJTNBJTIwJTVCJTI3JTIzMTUwMjU2JTI3JTJDJTIwJTI3JTIzMTUwMjU2JTI3JTVEJTIwJTdEJTJDJTBBJTIwJTIwJTIwJTIwJTIwJTIwJTIwJTIwJTIwJTIwZGVmYXVsdENvbG9yJTNBJTIwJTI3JTIzMTUwMjU2JTI3JTJDJTBBYmFja2dyb3VuZENvbG9yJTNBJTIwJTI3JTIzODFkNGZhJTI3JTJDJTBBJTIwJTIwJTIwJTIwJTdEJTNCJTBBJTIwJTIwJTIwJTIwJTJGJTJGc2UlMjBpbnN0YWNpYSUyMHklMjBzZSUyMGRpYnVqYSUyMGVsJTIwZ3JhZmljbyUwQSUyMCUyMCUyMCUyMHZhciUyMGNoYXJ0JTIwJTNEJTIwbmV3JTIwZ29vZ2xlLnZpc3VhbGl6YXRpb24uR2VvQ2hhcnQlMjhkb2N1bWVudC5nZXRFbGVtZW50QnlJZCUyOCUyN2NoYXJ0X2RpdiUyNyUyOSUyOSUzQiUwQSUyMCUyMCUyMCUyMGNoYXJ0LmRyYXclMjhkYXRhJTJDJTIwb3B0aW9ucyUyOSUzQiUwQSU3RCUzQiUwQSUyMCUyMCUyMCUyMCUzQyUyRnNjcmlwdCUzRSUwQSUyMCUyMCUzQyUyRmhlYWQlM0UlMEElMjAlMjAlM0Nib2R5JTNFJTBBJTIwJTIwJTIwJTIwJTIwJTNDJTIxLS1kaXYlMjBkb25kZSUyMHNlJTIwZGlidWphcmElMjBudWVzdHJvJTIwbWFwYS0tJTNFJTBBJTIwJTIwJTIwJTIwJTNDZGl2JTIwaWQlM0QlMjJjaGFydF9kaXYlMjIlMjBzdHlsZSUzRCUyMndpZHRoJTNBJTIwNjc1cHglM0IlMjBoZWlnaHQlM0ElMjAzNzVweCUzQiUyMiUzRSUzQyUyRmRpdiUzRSUwQSUyMCUyMCUzQyUyRmJvZHklM0UlMEElM0MlMkZodG1sJTNF[\/vc_raw_html][\/vc_column][\/vc_row][vc_row disable_element=&#8221;yes&#8221;][vc_column][vc_raw_html]JTNDaHRtbCUzRSUwQSUzQ3N0eWxlJTNFJTBBLmdvb2dsZS12aXN1YWxpemF0aW9uLXRhYmxlLXRoJTIwJTdCJTBBdGV4dC1hbGlnbiUzQSUyMGNlbnRlciUyMCUyMWltcG9ydGFudCUzQiUwQSU3RCUwQSUzQyUyRnN0eWxlJTNFJTBBJTIwJTIwJTNDaGVhZCUzRSUwQSUyMCUyMCUyMCUyMCUzQ3NjcmlwdCUyMHR5cGUlM0QlMjJ0ZXh0JTJGamF2YXNjcmlwdCUyMiUyMHNyYyUzRCUyMmh0dHBzJTNBJTJGJTJGd3d3LmdzdGF0aWMuY29tJTJGY2hhcnRzJTJGbG9hZGVyLmpzJTIyJTNFJTNDJTJGc2NyaXB0JTNFJTBBJTIwJTIwJTIwJTIwJTNDc2NyaXB0JTIwdHlwZSUzRCUyMnRleHQlMkZqYXZhc2NyaXB0JTIyJTNFJTBBJTIwJTIwJTIwJTIwJTIwJTIwZ29vZ2xlLmNoYXJ0cy5sb2FkJTI4JTI3Y3VycmVudCUyNyUyQyUyMCU3QiUyN3BhY2thZ2VzJTI3JTNBJTVCJTI3dGFibGUlMjclNUQlN0QlMjklM0IlMEElMjAlMjAlMjAlMjAlMjAlMjBnb29nbGUuY2hhcnRzLnNldE9uTG9hZENhbGxiYWNrJTI4ZHJhd1RhYmxlJTI5JTNCJTBBJTBBJTIwJTIwJTIwJTIwJTIwJTIwZnVuY3Rpb24lMjBkcmF3VGFibGUlMjglMjklMjAlN0IlMEElMjAlMjAlMjAlMjAlMjAlMjAlMjAlMjB2YXIlMjBkYXRhJTIwJTNEJTIwbmV3JTIwZ29vZ2xlLnZpc3VhbGl6YXRpb24uRGF0YVRhYmxlJTI4JTI5JTNCJTBBJTIwJTIwJTIwJTIwJTIwJTIwJTIwJTIwZGF0YS5hZGRDb2x1bW4lMjglMjdzdHJpbmclMjclMkMlMjAlMjdFc3RhZG9zJTI3JTI5JTNCJTBBJTIwJTIwJTIwJTIwJTIwJTIwJTIwJTIwZGF0YS5hZGRDb2x1bW4lMjglMjdudW1iZXIlMjclMkMlMjAlMjdBbHVtbm9zJTI3JTI5JTNCJTBBJTIwJTIwJTIwJTIwJTIwJTIwJTIwJTIwZGF0YS5hZGRDb2x1bW4lMjglMjdudW1iZXIlMjclMkMlMjAlMjdNYWVzdHJvcyUyNyUyOSUzQiUwQSUyMCUyMCUyMCUyMCUyMCUyMCUyMCUyMGRhdGEuYWRkUm93cyUyOCU1QiUwQSUyMCUyMCUyMCUyMCUyMCUyMCUyMCUyMCUyMCUyMCU1QiUyN0JhamElMjBDYWxpZm9ybmlhJTIwTm9ydGUlMjclMkMlMjAlMjAlN0J2JTNBJTIwNyUyQyUyMGYlM0ElMjAlMjc3JTI3JTdEJTJDJTIwJTdCdiUzQSUyMDQlMkMlMjBmJTNBJTIwJTI3NCUyNyU3RCU1RCUyQyUwQSUyMCUyMCUyMCUyMCUyMCUyMCUyMCUyMCUyMCUyMCU1QiUyN0JhamElMjBDYWxpZm9ybmlhJTIwU3VyJTI3JTJDJTIwJTIwJTIwJTdCdiUzQSUyMDElMkMlMjAlMjBmJTNBJTIwJTI3MSUyNyU3RCUyQyUyMCU3QnYlM0ElMjAwJTJDJTIwZiUzQSUyMCUyNyUyMCUyNyU3RCU1RCUyQyUwQSUyMCUyMCUyMCUyMCUyMCUyMCUyMCUyMCUyMCUyMCU1QiUyN0NvbGltYSUyNyUyQyUyMCUyMCUyMCU3QnYlM0ElMjAxJTJDJTIwJTIwZiUzQSUyMCUyNzElMjclN0QlMkMlMjAlN0J2JTNBJTIwMCUyQyUyMGYlM0ElMjAlMjclMjAlMjclN0QlNUQlMkMlMEElMjAlMjAlMjAlMjAlMjAlMjAlMjAlMjAlMjAlMjAlNUIlMjdHdWFuYWp1YXRvJTI3JTJDJTIwJTIwJTIwJTdCdiUzQSUyMDElMkMlMjAlMjBmJTNBJTIwJTI3MSUyNyU3RCUyQyUyMCU3QnYlM0ElMjAwJTJDJTIwZiUzQSUyMCUyNyUyMCUyNyU3RCU1RCUyQyUwQSUyMCUyMCUyMCUyMCUyMCUyMCUyMCUyMCUyMCUyMCU1QiUyN0phbGlzY28lMjclMkMlMjAlMjAlN0J2JTNBJTIwMyUyQyUyMGYlM0ElMjAlMjczJTI3JTdEJTJDJTIwJTdCdiUzQSUyMDElMkMlMjBmJTNBJTIwJTI3MSUyNyU3RCU1RCUyQyUwQSUyMCUyMCUyMCUyMCUyMCUyMCUyMCUyMCUyMCUyMCU1QiUyN00lQzMlQTl4aWNvJTI3JTJDJTIwJTIwJTIwJTdCdiUzQSUyMDUlMkMlMjAlMjBmJTNBJTIwJTI3NSUyNyU3RCUyQyUyMCU3QnYlM0ElMjAwJTJDJTIwZiUzQSUyMCUyNyUyMCUyNyU3RCU1RCUyQyUwQSUyMCUyMCUyMCUyMCUyMCUyMCUyMCUyMCUyMCUyMCU1QiUyN1NpbmFsb2ElMjclMkMlMjAlMjAlMjAlN0J2JTNBJTIwNCUyQyUyMCUyMGYlM0ElMjAlMjc0JTI3JTdEJTJDJTIwJTdCdiUzQSUyMDAlMkMlMjBmJTNBJTIwJTI3JTIwJTI3JTdEJTVEJTJDJTBBJTIwJTIwJTIwJTIwJTIwJTIwJTIwJTIwJTIwJTIwJTVCJTI3UXVpbnRhbm8lMjBSb28lMjclMkMlMjAlN0J2JTNBJTIwMCUyQyUyMGYlM0ElMjAlMjclMjAlMjclN0QlMkMlMjAlN0J2JTNBJTIwMSUyQyUyMGYlM0ElMjAlMjcxJTI3JTdEJTVEJTBBJTIwJTIwJTIwJTIwJTIwJTIwJTIwJTIwJTVEJTI5JTNCJTBBJTBBJTIwJTIwJTIwJTIwJTIwJTIwJTIwJTIwdmFyJTIwdGFibGUlMjAlM0QlMjBuZXclMjBnb29nbGUudmlzdWFsaXphdGlvbi5UYWJsZSUyOGRvY3VtZW50LmdldEVsZW1lbnRCeUlkJTI4JTI3dGFibGVfZGl2X25hYyUyNyUyOSUyOSUzQiUwQSUwQSUyMCUyMCUyMCUyMCUyMCUyMCUyMCUyMHRhYmxlLmRyYXclMjhkYXRhJTJDJTIwJTdCc2hvd1Jvd051bWJlciUzQSUyMHRydWUlMkMlMjB3aWR0aCUzQSUyMCUyNzEwMCUyNSUyNyUyQyUyMGhlaWdodCUzQSUyMCUyNzEwMCUyNSUyNyU3RCUyOSUzQiUwQSUyMCUyMCUyMCUyMCUyMCUyMCU3RCUwQSUyMCUyMCUyMCUyMCUzQyUyRnNjcmlwdCUzRSUwQSUyMCUyMCUzQyUyRmhlYWQlM0UlMEElMjAlMjAlM0Nib2R5JTNFJTBBJTIwJTIwJTIwJTIwJTNDZGl2JTIwaWQlM0QlMjJ0YWJsZV9kaXZfbmFjJTIyJTIwc3R5bGUlM0QlMjJ3aWR0aCUzQSUyMDY3NXB4JTNCJTIwaGVpZ2h0JTNBJTIwMzc1cHglM0IlMjIlM0UlM0MlMkZkaXYlM0UlMEElMjAlMjAlM0MlMkZib2R5JTNFJTBBJTNDJTJGaHRtbCUzRQ==[\/vc_raw_html][\/vc_column][\/vc_row][vc_row disable_element=&#8221;yes&#8221;][vc_column]<div\n\tclass=\"thim-sc-heading text-center layout-2 \">\n\t<div class=\"heading-content\">\n\n\t\t\n\t\t<h3 class=\"primary-heading\">Estancias internacionales<\/h3>\t<\/div>\n\t\t\t\t<span class=\"underline\"><\/span>\n\t<\/div>\n[\/vc_column][\/vc_row][vc_row disable_element=&#8221;yes&#8221;][vc_column][vc_raw_html]JTNDaHRtbCUzRSUwQSUyMCUyMCUzQ2hlYWQlM0UlMEElMjAlMjAlMjAlMjAlM0NzdHlsZSUzRWRpdiUyMCU3Qm1hcmdpbiUzQSUyMGF1dG8lM0IlN0QlM0MlMkZzdHlsZSUzRSUwQSUyMCUyMCUyMCUyMCUzQ3NjcmlwdCUyMHR5cGUlM0QlMjJ0ZXh0JTJGamF2YXNjcmlwdCUyMiUyMHNyYyUzRCUyMmh0dHBzJTNBJTJGJTJGd3d3LmdzdGF0aWMuY29tJTJGY2hhcnRzJTJGbG9hZGVyLmpzJTIyJTNFJTNDJTJGc2NyaXB0JTNFJTBBJTIwJTIwJTIwJTIwJTNDc2NyaXB0JTIwdHlwZSUzRCUyMnRleHQlMkZqYXZhc2NyaXB0JTIyJTNFJTBBJTIwJTIwJTIwJTIwJTIwJTIwZ29vZ2xlLmNoYXJ0cy5sb2FkJTI4JTI3Y3VycmVudCUyNyUyQyUyMCU3QiUwQSUyMCUyMCUyMCUyMCUyMCUyMCUyMCUyMCUyN3BhY2thZ2VzJTI3JTNBJTVCJTI3Z2VvY2hhcnQlMjclNUQlMkMlMEElMjAlMjAlMjAlMjAlMjAlMjAlMjAlMjAlMkYlMkYlMjBOb3RlJTNBJTIweW91JTIwd2lsbCUyMG5lZWQlMjB0byUyMGdldCUyMGElMjBtYXBzQXBpS2V5JTIwZm9yJTIweW91ciUyMHByb2plY3QuJTBBJTIwJTIwJTIwJTIwJTIwJTIwJTIwJTIwJTJGJTJGJTIwU2VlJTNBJTIwaHR0cHMlM0ElMkYlMkZkZXZlbG9wZXJzLmdvb2dsZS5jb20lMkZjaGFydCUyRmludGVyYWN0aXZlJTJGZG9jcyUyRmJhc2ljX2xvYWRfbGlicyUyM2xvYWQtc2V0dGluZ3MlMEElMjAlMjAlMjAlMjAlMjAlMjAlMjAlMjAlMjdtYXBzQXBpS2V5JTI3JTNBJTIwJTI3QUl6YVN5RC05dFNya2U3MlBvdVFNbk1YLWE3ZVpTVzBqa0ZNQldZJTI3JTBBJTIwJTIwJTIwJTIwJTIwJTIwJTdEJTI5JTNCJTBBJTIwJTIwJTIwJTIwJTIwJTIwZ29vZ2xlLmNoYXJ0cy5zZXRPbkxvYWRDYWxsYmFjayUyOGRyYXdSZWdpb25zTWFwJTI5JTNCJTBBJTBBJTIwJTIwJTIwJTIwJTIwJTIwZnVuY3Rpb24lMjBkcmF3UmVnaW9uc01hcCUyOCUyOSUyMCU3QiUwQSUyMCUyMCUyMCUyMCUyMCUyMCUyMCUyMHZhciUyMGRhdGElMjAlM0QlMjBnb29nbGUudmlzdWFsaXphdGlvbi5hcnJheVRvRGF0YVRhYmxlJTI4JTVCJTBBJTIwJTIwJTIwJTIwJTIwJTIwJTIwJTIwJTIwJTIwJTVCJTI3UGElQzMlQURzJTI3JTJDJTIwJTI3QWx1bW5vcyUyNyUyQyUyN1Byb2Zlc29yZXMlMjclNUQlMkMlMEElMjAlMjAlMjAlMjAlMjAlMjAlMjAlMjAlMjAlMjAlNUIlMjdCcmF6aWwlMjclMkMlMjAxJTJDJTIwbnVsbCU1RCUyQyUwQSUyMCUyMCUyMCUyMCUyMCUyMCUyMCUyMCUyMCUyMCU1QiUyN0NvbG9tYmlhJTI3JTJDJTIwMTAlMkMlMjAyJTVEJTJDJTBBJTIwJTIwJTIwJTIwJTIwJTIwJTIwJTIwJTIwJTIwJTVCJTI3Q2hpbmElMjclMkMlMjAxJTJDJTIwbnVsbCU1RCUyQyUwQSUyMCUyMCUyMCUyMCUyMCUyMCUyMCUyMCUyMCUyMCU1QiUyN0Nvc3RhJTIwUmljYSUyNyUyQyUyMG51bGwlMkMlMjAxJTVEJTJDJTBBJTIwJTIwJTIwJTIwJTIwJTIwJTIwJTIwJTIwJTIwJTVCJTI3Q3ViYSUyNyUyQyUyMG51bGwlMkMlMjAxJTVEJTJDJTBBJTIwJTIwJTIwJTIwJTIwJTIwJTIwJTIwJTIwJTIwJTVCJTI3U3BhaW4lMjclMkMlMjA0JTJDJTIwNCU1RCUwQSUyMCUyMCUyMCUyMCUyMCUyMCUyMCUyMCU1RCUyOSUzQiUwQSUwQSUyMCUyMCUyMCUyMCUyMCUyMCUyMCUyMHZhciUyMG9wdGlvbnMlMjAlM0QlMjAlN0IlMEElMjAlMjAlMjAlMjAlMjAlMjAlMjAlMjBjb2xvckF4aXMlM0ElMjAlN0Jjb2xvcnMlM0ElMjAlNUIlMjclMjM5RDc5MDAlMjclMkMlMjAlMjclMjM5RDc5MDAlMjclNUQlN0QlMkMlMEFiYWNrZ3JvdW5kQ29sb3IlM0ElMjAlMjclMjM4MWQ0ZmElMjclMkMlMEElMjAlMjAlMjAlMjAlMjAlMjAlMjAlMjAlMjAlMjBkZWZhdWx0Q29sb3IlM0ElMjAlMjclMjM5RDc5MDAlMjclMkMlMEFsZWdlbmQlM0ElMjAlMjdub25lJTI3JTJDJTBBJTIwJTIwJTIwJTIwJTIwJTIwJTIwJTIwJTdEJTNCJTBBJTBBJTIwJTIwJTIwJTIwJTIwJTIwJTIwJTIwdmFyJTIwY2hhcnQlMjAlM0QlMjBuZXclMjBnb29nbGUudmlzdWFsaXphdGlvbi5HZW9DaGFydCUyOGRvY3VtZW50LmdldEVsZW1lbnRCeUlkJTI4JTI3cmVnaW9uc19kaXYlMjclMjklMjklM0IlMEElMEElMjAlMjAlMjAlMjAlMjAlMjAlMjAlMjBjaGFydC5kcmF3JTI4ZGF0YSUyQyUyMG9wdGlvbnMlMjklM0IlMEElMjAlMjAlMjAlMjAlMjAlMjAlN0QlMEElMjAlMjAlMjAlMjAlM0MlMkZzY3JpcHQlM0UlMEElMjAlMjAlM0MlMkZoZWFkJTNFJTBBJTIwJTIwJTNDYm9keSUzRSUwQSUyMCUyMCUyMCUyMCUzQ2RpdiUyMGlkJTNEJTIycmVnaW9uc19kaXYlMjIlMjBzdHlsZSUzRCUyMndpZHRoJTNBJTIwNjc1cHglM0IlMjBoZWlnaHQlM0ElMjAzNzVweCUzQiUyMiUzRSUzQyUyRmRpdiUzRSUwQSUyMCUyMCUzQyUyRmJvZHklM0UlMEElM0MlMkZodG1sJTNFJTBBJTBB[\/vc_raw_html][vc_raw_html]JTNDaHRtbCUzRSUwQSUzQ3N0eWxlJTNFJTBBLmdvb2dsZS12aXN1YWxpemF0aW9uLXRhYmxlLXRoJTIwJTdCJTBBdGV4dC1hbGlnbiUzQSUyMGNlbnRlciUyMCUyMWltcG9ydGFudCUzQiUwQSU3RCUwQSUzQyUyRnN0eWxlJTNFJTBBJTIwJTIwJTNDaGVhZCUzRSUwQSUyMCUyMCUyMCUyMCUzQ3NjcmlwdCUyMHR5cGUlM0QlMjJ0ZXh0JTJGamF2YXNjcmlwdCUyMiUyMHNyYyUzRCUyMmh0dHBzJTNBJTJGJTJGd3d3LmdzdGF0aWMuY29tJTJGY2hhcnRzJTJGbG9hZGVyLmpzJTIyJTNFJTNDJTJGc2NyaXB0JTNFJTBBJTIwJTIwJTIwJTIwJTNDc2NyaXB0JTIwdHlwZSUzRCUyMnRleHQlMkZqYXZhc2NyaXB0JTIyJTNFJTBBJTIwJTIwJTIwJTIwJTIwJTIwZ29vZ2xlLmNoYXJ0cy5sb2FkJTI4JTI3Y3VycmVudCUyNyUyQyUyMCU3QiUyN3BhY2thZ2VzJTI3JTNBJTVCJTI3dGFibGUlMjclNUQlN0QlMjklM0IlMEElMjAlMjAlMjAlMjAlMjAlMjBnb29nbGUuY2hhcnRzLnNldE9uTG9hZENhbGxiYWNrJTI4ZHJhd1RhYmxlJTI5JTNCJTBBJTBBJTIwJTIwJTIwJTIwJTIwJTIwZnVuY3Rpb24lMjBkcmF3VGFibGUlMjglMjklMjAlN0IlMEElMjAlMjAlMjAlMjAlMjAlMjAlMjAlMjB2YXIlMjBkYXRhJTIwJTNEJTIwbmV3JTIwZ29vZ2xlLnZpc3VhbGl6YXRpb24uRGF0YVRhYmxlJTI4JTI5JTNCJTBBJTIwJTIwJTIwJTIwJTIwJTIwJTIwJTIwZGF0YS5hZGRDb2x1bW4lMjglMjdzdHJpbmclMjclMkMlMjAlMjdQYSVDMyVBRHMlMjclMjklM0IlMEElMjAlMjAlMjAlMjAlMjAlMjAlMjAlMjBkYXRhLmFkZENvbHVtbiUyOCUyN251bWJlciUyNyUyQyUyMCUyN0FsdW1ub3MlMjclMjklM0IlMEElMjAlMjAlMjAlMjAlMjAlMjAlMjAlMjBkYXRhLmFkZENvbHVtbiUyOCUyN251bWJlciUyNyUyQyUyMCUyN1Byb2Zlc29yZXMlMjclMjklM0IlMEElMjAlMjAlMjAlMjAlMjAlMjAlMjAlMjBkYXRhLmFkZFJvd3MlMjglNUIlMEElMjAlMjAlMjAlMjAlMjAlMjAlMjAlMjAlMjAlMjAlNUIlMjdCcmFzaWwlMjclMkMlMjAlMjAlN0J2JTNBJTIwMSUyQyUyMGYlM0ElMjAlMjcxJTI3JTdEJTJDJTIwJTdCdiUzQSUyMG51bGwlMkMlMjBmJTNBJTIwJTI3JTIwJTI3JTdEJTVEJTJDJTBBJTIwJTIwJTIwJTIwJTIwJTIwJTIwJTIwJTIwJTIwJTVCJTI3Q2hpbmElMjclMkMlMjAlMjAlMjAlN0J2JTNBJTIwMSUyQyUyMCUyMGYlM0ElMjAlMjcxJTI3JTdEJTJDJTIwJTdCdiUzQSUyMG51bGwlMkMlMjBmJTNBJTIwJTI3JTIwJTI3JTdEJTVEJTJDJTBBJTIwJTIwJTIwJTIwJTIwJTIwJTIwJTIwJTIwJTIwJTVCJTI3Q29sb21iaWElMjclMkMlMjAlN0J2JTNBJTIwMTAlMkMlMjBmJTNBJTIwJTI3MTAlMjclN0QlMkMlMjAlN0J2JTNBJTIwMiUyQyUyMGYlM0ElMjAlMjcyJTI3JTdEJTVEJTJDJTBBJTIwJTIwJTIwJTIwJTIwJTIwJTIwJTIwJTIwJTIwJTVCJTI3Q29zdGElMjBSaWNhJTI3JTJDJTIwJTIwJTIwJTdCdiUzQSUyMG51bGwlMkMlMjAlMjBmJTNBJTIwJTI3JTIwJTI3JTdEJTJDJTIwJTdCdiUzQSUyMDElMkMlMjBmJTNBJTIwJTI3MSUyNyU3RCU1RCUyQyUwQSUyMCUyMCUyMCUyMCUyMCUyMCUyMCUyMCUyMCUyMCU1QiUyN0N1YmElMjclMkMlMjAlMjAlN0J2JTNBJTIwbnVsbCUyQyUyMGYlM0ElMjAlMjclMjAlMjclN0QlMkMlMjAlN0J2JTNBJTIwMSUyQyUyMGYlM0ElMjAlMjcxJTI3JTdEJTVEJTJDJTBBJTIwJTIwJTIwJTIwJTIwJTIwJTIwJTIwJTIwJTIwJTVCJTI3RXNwYSVDMyVCMWElMjclMkMlMjAlMjAlMjAlN0J2JTNBJTIwNCUyQyUyMCUyMGYlM0ElMjAlMjc0JTI3JTdEJTJDJTIwJTdCdiUzQSUyMDQlMkMlMjBmJTNBJTIwJTI3NCUyNyU3RCU1RCUwQSUyMCUyMCUyMCUyMCUyMCUyMCUyMCUyMCU1RCUyOSUzQiUwQSUwQSUyMCUyMCUyMCUyMCUyMCUyMCUyMCUyMHZhciUyMHRhYmxlJTIwJTNEJTIwbmV3JTIwZ29vZ2xlLnZpc3VhbGl6YXRpb24uVGFibGUlMjhkb2N1bWVudC5nZXRFbGVtZW50QnlJZCUyOCUyN3RhYmxlX2RpdiUyNyUyOSUyOSUzQiUwQSUwQSUyMCUyMCUyMCUyMCUyMCUyMCUyMCUyMHRhYmxlLmRyYXclMjhkYXRhJTJDJTIwJTdCc2hvd1Jvd051bWJlciUzQSUyMHRydWUlMkMlMjB3aWR0aCUzQSUyMCUyNzEwMCUyNSUyNyUyQyUyMGhlaWdodCUzQSUyMCUyNzEwMCUyNSUyNyU3RCUyOSUzQiUwQSUyMCUyMCUyMCUyMCUyMCUyMCU3RCUwQSUyMCUyMCUyMCUyMCUzQyUyRnNjcmlwdCUzRSUwQSUyMCUyMCUzQyUyRmhlYWQlM0UlMEElMjAlMjAlM0Nib2R5JTNFJTBBJTIwJTIwJTIwJTIwJTNDZGl2JTIwaWQlM0QlMjJ0YWJsZV9kaXYlMjIlMjBzdHlsZSUzRCUyMndpZHRoJTNBJTIwNjc1cHglM0IlMjBoZWlnaHQlM0ElMjAzNzVweCUzQiUyMiUzRSUzQyUyRmRpdiUzRSUwQSUyMCUyMCUzQyUyRmJvZHklM0UlMEElM0MlMkZodG1sJTNF[\/vc_raw_html][\/vc_column][\/vc_row][vc_row disable_element=&#8221;yes&#8221;][vc_column][vc_btn title=&#8221;Detalle&#8221; align=&#8221;center&#8221; i_icon_fontawesome=&#8221;fa fa-file-pdf-o&#8221; add_icon=&#8221;true&#8221; link=&#8221;url:http%3A%2F%2Fmaenew.fca.uas.edu.mx%2Fwp-content%2Fuploads%2F2020%2F04%2FMovilidad.pdf||target:%20_blank|&#8221;][\/vc_column][\/vc_row]<\/p>\n","protected":false},"excerpt":{"rendered":"<p>[vc_row][vc_column][vc_column_text]El doctorado se encuentra en su primer generaci\u00f3n por lo que no se han realizado estancias, una vez que inicien&#8230;<\/p>\n","protected":false},"author":2,"featured_media":0,"parent":0,"menu_order":0,"comment_status":"closed","ping_status":"closed","template":"","meta":[],"_links":{"self":[{"href":"https:\/\/mae.posgrado.fca.uas.edu.mx\/index.php\/wp-json\/wp\/v2\/pages\/7642"}],"collection":[{"href":"https:\/\/mae.posgrado.fca.uas.edu.mx\/index.php\/wp-json\/wp\/v2\/pages"}],"about":[{"href":"https:\/\/mae.posgrado.fca.uas.edu.mx\/index.php\/wp-json\/wp\/v2\/types\/page"}],"author":[{"embeddable":true,"href":"https:\/\/mae.posgrado.fca.uas.edu.mx\/index.php\/wp-json\/wp\/v2\/users\/2"}],"replies":[{"embeddable":true,"href":"https:\/\/mae.posgrado.fca.uas.edu.mx\/index.php\/wp-json\/wp\/v2\/comments?post=7642"}],"version-history":[{"count":3,"href":"https:\/\/mae.posgrado.fca.uas.edu.mx\/index.php\/wp-json\/wp\/v2\/pages\/7642\/revisions"}],"predecessor-version":[{"id":7971,"href":"https:\/\/mae.posgrado.fca.uas.edu.mx\/index.php\/wp-json\/wp\/v2\/pages\/7642\/revisions\/7971"}],"wp:attachment":[{"href":"https:\/\/mae.posgrado.fca.uas.edu.mx\/index.php\/wp-json\/wp\/v2\/media?parent=7642"}],"curies":[{"name":"wp","href":"https:\/\/api.w.org\/{rel}","templated":true}]}}