{"id":8100,"date":"2020-05-05T20:43:41","date_gmt":"2020-05-05T20:43:41","guid":{"rendered":"https:\/\/dae.posgrado.fca.uas.edu.mx\/?page_id=8100"},"modified":"2023-10-04T18:11:53","modified_gmt":"2023-10-04T18:11:53","slug":"mision-y-vision","status":"publish","type":"page","link":"https:\/\/mae.posgrado.fca.uas.edu.mx\/index.php\/mision-y-vision\/","title":{"rendered":"Misi\u00f3n y Visi\u00f3n"},"content":{"rendered":"\t\t<div data-elementor-type=\"wp-page\" data-elementor-id=\"8100\" class=\"elementor elementor-8100\" data-elementor-settings=\"[]\">\n\t\t\t<div class=\"elementor-inner\">\n\t\t\t\t<div class=\"elementor-section-wrap\">\n\t\t\t\t\t\t\t<section class=\"elementor-element elementor-element-fb7008c elementor-section-boxed elementor-section-height-default elementor-section-height-default elementor-section elementor-top-section\" data-id=\"fb7008c\" data-element_type=\"section\">\n\t\t\t\t\t\t<div class=\"elementor-container elementor-column-gap-default\">\n\t\t\t\t<div class=\"elementor-row\">\n\t\t\t\t<div class=\"elementor-element elementor-element-3a0b8fa elementor-column elementor-col-100 elementor-top-column\" data-id=\"3a0b8fa\" data-element_type=\"column\">\n\t\t\t<div class=\"elementor-column-wrap  elementor-element-populated\">\n\t\t\t\t\t<div class=\"elementor-widget-wrap\">\n\t\t\t\t<div class=\"elementor-element elementor-element-bacb20f elementor-widget elementor-widget-thim-image-box\" data-id=\"bacb20f\" data-element_type=\"widget\" data-widget_type=\"thim-image-box.default\">\n\t\t\t\t<div class=\"elementor-widget-container\">\n\t\t\t<div class=\"thim-sc-image-box left \">\n\t<section id=\"title\">\n\t\t<div class=\"row no-gutters\">\n\t\t\t<div class=\"col-sm-12 col-lg-6 image-box\">\n\t\t\t\t<img decoding=\"async\" src=\"https:\/\/mae.posgrado.fca.uas.edu.mx\/wp-content\/uploads\/2020\/05\/vision.jpg\" alt=\"Misi\u00f3n\">\n\t\t\t\t<span class=\"number\" style=\"color: rgba(255, 255, 255, 0.6)\"><\/span>\n\t\t\t<\/div>\n\t\t\t<div class=\"col-sm-12 col-lg-6 text-content\">\n\t\t\t\t\t\t\t\t\t<img decoding=\"async\" src=\"\" class=\"bg-content\">\n\t\t\t\t\t\t\t\t<div class=\"text-content-inner\">\n\t\t\t\t\t<h3 class=\"title-box\">Misi\u00f3n<\/h3>\n\t\t\t\t\t<p class=\"sub-title\"><\/p>\n\t\t\t\t\t<p class=\"underline\"><\/p>\n\t\t\t\t\t<div class=\"content\"><p>Formar personal altamente profesionalizado, con dominio de competencias para analizar la problem\u00e1tica de las organizaciones y el impacto social que estas puedan tener en el entorno, as\u00ed como documentar y generar propuestas que permitan el desarrollo de empresas m\u00e1s competitivas, sustentables e innovadoras, as\u00ed como para desarrollar investigaciones pr\u00e1cticas para entidades reales y difundirlas en la comunidad empresarial y cient\u00edfica, desde una perspectiva \u00e9tica y sustentable.<\/p>\n\n\n\n\n\n\n\n\n\n\n\n\n\n\n\n\n\n\n\n\n\n\n\n<\/div>\n\t\t\t\t<\/div>\n\t\t\t<\/div>\n\t\t<\/div>\n\t<\/section>\n<\/div>\n\t\t<\/div>\n\t\t\t\t<\/div>\n\t\t\t\t<div class=\"elementor-element elementor-element-e03e58f elementor-widget elementor-widget-thim-image-box\" data-id=\"e03e58f\" data-element_type=\"widget\" data-widget_type=\"thim-image-box.default\">\n\t\t\t\t<div class=\"elementor-widget-container\">\n\t\t\t<div class=\"thim-sc-image-box right \">\n\t<section id=\"\">\n\t\t<div class=\"row no-gutters\">\n\t\t\t<div class=\"col-sm-12 col-lg-6 image-box\">\n\t\t\t\t<img decoding=\"async\" src=\"https:\/\/mae.posgrado.fca.uas.edu.mx\/wp-content\/uploads\/2020\/05\/mision.jpg\" alt=\"Visi\u00f3n al 2025\">\n\t\t\t\t<span class=\"number\" style=\"color: rgba(255, 255, 255, 0.6)\"><\/span>\n\t\t\t<\/div>\n\t\t\t<div class=\"col-sm-12 col-lg-6 text-content\">\n\t\t\t\t\t\t\t\t\t<img decoding=\"async\" src=\"\" class=\"bg-content\">\n\t\t\t\t\t\t\t\t<div class=\"text-content-inner\">\n\t\t\t\t\t<h3 class=\"title-box\">Visi\u00f3n al 2025<\/h3>\n\t\t\t\t\t<p class=\"sub-title\"><\/p>\n\t\t\t\t\t<p class=\"underline\"><\/p>\n\t\t\t\t\t<div class=\"content\"><p>El Doctorado en Administraci\u00f3n Estrat\u00e9gica es un posgrado con reconocimiento social y empresarial. Su N\u00facleo Acad\u00e9mico B\u00e1sico sostiene una producci\u00f3n cient\u00edfica pertinente a las L\u00edneas de Investigaci\u00f3n e Incidencia Social establecidas en el programa, sus estudiantes y egresados generan alternativas innovadoras y sustentables para solucionar problemas de su \u00e1mbito profesional con perspectiva humanista y de impacto social. La vinculaci\u00f3n y extensi\u00f3n se concretan en acciones con instituciones del pa\u00eds y del extranjero. El programa se encuentra ubicado en el nivel consolidado del CONAHCyT y cubre los principales indicadores de un programa de competencia internacional.<\/p><\/div>\n\t\t\t\t<\/div>\n\t\t\t<\/div>\n\t\t<\/div>\n\t<\/section>\n<\/div>\n\t\t<\/div>\n\t\t\t\t<\/div>\n\t\t\t\t\t\t<\/div>\n\t\t\t<\/div>\n\t\t<\/div>\n\t\t\t\t\t\t<\/div>\n\t\t\t<\/div>\n\t\t<\/section>\n\t\t\t\t\t\t<\/div>\n\t\t\t<\/div>\n\t\t<\/div>\n\t\t","protected":false},"excerpt":{"rendered":"<p>Misi\u00f3n Formar personal altamente profesionalizado, con dominio de competencias para analizar la problem\u00e1tica de las organizaciones y el impacto social&#8230;<\/p>\n","protected":false},"author":1,"featured_media":0,"parent":0,"menu_order":0,"comment_status":"closed","ping_status":"closed","template":"","meta":[],"_links":{"self":[{"href":"https:\/\/mae.posgrado.fca.uas.edu.mx\/index.php\/wp-json\/wp\/v2\/pages\/8100"}],"collection":[{"href":"https:\/\/mae.posgrado.fca.uas.edu.mx\/index.php\/wp-json\/wp\/v2\/pages"}],"about":[{"href":"https:\/\/mae.posgrado.fca.uas.edu.mx\/index.php\/wp-json\/wp\/v2\/types\/page"}],"author":[{"embeddable":true,"href":"https:\/\/mae.posgrado.fca.uas.edu.mx\/index.php\/wp-json\/wp\/v2\/users\/1"}],"replies":[{"embeddable":true,"href":"https:\/\/mae.posgrado.fca.uas.edu.mx\/index.php\/wp-json\/wp\/v2\/comments?post=8100"}],"version-history":[{"count":10,"href":"https:\/\/mae.posgrado.fca.uas.edu.mx\/index.php\/wp-json\/wp\/v2\/pages\/8100\/revisions"}],"predecessor-version":[{"id":8585,"href":"https:\/\/mae.posgrado.fca.uas.edu.mx\/index.php\/wp-json\/wp\/v2\/pages\/8100\/revisions\/8585"}],"wp:attachment":[{"href":"https:\/\/mae.posgrado.fca.uas.edu.mx\/index.php\/wp-json\/wp\/v2\/media?parent=8100"}],"curies":[{"name":"wp","href":"https:\/\/api.w.org\/{rel}","templated":true}]}}